{"id":1290,"date":"2017-05-06T14:06:13","date_gmt":"2017-05-06T11:06:13","guid":{"rendered":"http:\/\/studmathit.uav.ro\/?page_id=1290"},"modified":"2017-05-22T09:15:57","modified_gmt":"2017-05-22T06:15:57","slug":"committee","status":"publish","type":"page","link":"http:\/\/studmathit.uav.ro\/2017\/committee\/","title":{"rendered":"Committee"},"content":{"rendered":"[vc_row][vc_column][vc_custom_heading text=&#8221;Scientific Committee&#8221; font_container=&#8221;tag:h2|text_align:left|color:%231d6b99&#8243; google_fonts=&#8221;font_family:Oswald%3A300%2Cregular%2C700|font_style:400%20regular%3A400%3Anormal&#8221;][vc_separator color=&#8221;peacoc&#8221;][\/vc_column][\/vc_row][vc_row][vc_column][vc_row_inner][vc_column_inner width=&#8221;1\/2&#8243;]<div class=\"ult-team-member-wrap ult-style-1  \"><div class=\"ult-team-member-image\" style=\"\"> <img decoding=\"async\" class=\"ult-team-grayscale\" src=\"\" alt=\"\"  style=\"\"><span class=\"ult-team-member-image-overlay \"  ><\/span><\/div><div class=\"ult-team-member-bio-wrap style-1 ultimate-heading69dee9556f726\" style=\"text-align:center;; \"><div class=\"ult-team-member-name-wrap\"><h2 class=\"ult-team-member-name ult-responsive\"  data-ultimate-target='.ult-team-member-bio-wrap.ultimate-heading69dee9556f726 .ult-team-member-name'  data-responsive-json-new='{\"font-size\":\"\",\"line-height\":\"\"}'  style=\"\">JURY<\/h2><div class=\"ult-team-member-description ult-responsive\"  data-ultimate-target='.ult-team-member-bio-wrap.ultimate-heading69dee9556f726 .ult-team-member-description'  data-responsive-json-new='{\"font-size\":\"\",\"line-height\":\"\"}'  style=\"\"><p>Dumitru Ga\u0219par,\u00a0PhD, Aurel Vlaicu University<\/p>\n<p>Ioan Dzitac,\u00a0PhD, Aurel Vlaicu University<\/p>\n<p>Adrian\u00a0Palcu,\u00a0PhD, Aurel Vlaicu University<\/p>\n<p>Valeriu\u00a0Gu\u021bu,\u00a0PhD, State University of Moldova, Chi\u0219in\u0103u<\/p>\n<p>Gheorghe C\u0103p\u0103\u021b\u00e2n\u0103,\u00a0PhD, State University of Moldova, Chi\u0219in\u0103u<\/p>\n<p>Mihail G\u0103ianu,\u00a0PhD, West University of Timi\u0219oara<\/p>\n<p>Moln\u00e1r Istv\u00e1n,\u00a0PhD, Szent Istv\u00e1n University, B\u00e9k\u00e9scsaba Campus<\/p>\n<p>Simon S\u00e1ndor,\u00a0PhD, Szent Istv\u00e1n University, B\u00e9k\u00e9scsaba Campus<\/p><\/div><div style=\"margin-bottom:15px\"><\/div><\/div><\/div><\/div>[vc_separator color=&#8221;white&#8221;][vc_single_image image=&#8221;1091&#8243; img_size=&#8221;medium&#8221; alignment=&#8221;center&#8221;][\/vc_column_inner][vc_column_inner width=&#8221;1\/2&#8243;]<div class=\"ult-team-member-wrap ult-style-1  \"><div class=\"ult-team-member-image\" style=\"\"> <img decoding=\"async\" class=\"ult-team-grayscale\" src=\"\" alt=\"\"  style=\"\"><span class=\"ult-team-member-image-overlay \"  ><\/span><\/div><div class=\"ult-team-member-bio-wrap style-1 ultimate-heading69dee9556f7ec\" style=\"text-align:center;; \"><div class=\"ult-team-member-name-wrap\"><h2 class=\"ult-team-member-name ult-responsive\"  data-ultimate-target='.ult-team-member-bio-wrap.ultimate-heading69dee9556f7ec .ult-team-member-name'  data-responsive-json-new='{\"font-size\":\"\",\"line-height\":\"\"}'  style=\"\">CHAIRS:<\/h2><div class=\"ult-team-member-description ult-responsive\"  data-ultimate-target='.ult-team-member-bio-wrap.ultimate-heading69dee9556f7ec .ult-team-member-description'  data-responsive-json-new='{\"font-size\":\"\",\"line-height\":\"\"}'  style=\"\"><p><strong>Morning session, Mathematics, Room 111<\/strong><\/p>\n<p>Radu Precup, PhD, \u201cBabe\u0219-Bolyai\u201d University of Cluj-Napoca<\/p>\n<p>Gabriela Cristescu, PhD, \u201cAurel Vlaicu\u201d University of Arad<\/p>\n<p>&nbsp;<\/p>\n<p><strong>Morning session, Computers Science,\u00a0Room 103<\/strong><\/p>\n<p>Moln\u00e1r Istv\u00e1n, PhD, Szent Istv\u00e1n University, B\u00e9k\u00e9scsaba Campus<\/p>\n<p>Dominic Bucerzan, PhD, \u201cAurel Vlaicu\u201d University of Arad<\/p>\n<p>&nbsp;<\/p>\n<p><strong>Morning session, Computers Science,\u00a0Red Conference Room<\/strong><\/p>\n<p>Gheorghe C\u0103p\u0103\u021b\u00e2n\u0103, PhD, State University of Moldova, Chi\u0219in\u0103u<\/p>\n<p>Valeriu Beiu, PhD, \u201cAurel Vlaicu\u201d University of Arad<\/p>\n<p>&nbsp;<\/p>\n<p><strong>Afternoon session, Mathematics,\u00a0Room 111<\/strong><\/p>\n<p>Ciprian Preda, PhD, West University of Timi\u0219oara<\/p>\n<p>Codru\u021ba Stoica, PhD, \u201cAurel Vlaicu\u201d University of Arad<\/p>\n<p>&nbsp;<\/p>\n<p><strong>Afternoon session, Computers Science,\u00a0Room 103<\/strong><\/p>\n<p>Sa\u0161a Taka\u010di, PhD, University of Novi Sad<\/p>\n<p>Dominic Bucerzan, PhD, \u201cAurel Vlaicu\u201d University of Arad<\/p>\n<p>&nbsp;<\/p>\n<p><strong>Afternoon session, Computers Science,\u00a0Red Conference Room<\/strong><\/p>\n<p>B\u00e1nhelyi Bal\u00e1zs, PhD, University of Szeged<\/p>\n<p>Valeriu Beiu, PhD, \u201cAurel Vlaicu\u201d University of Arad<\/p><\/div><div style=\"margin-bottom:15px\"><\/div><\/div><\/div><\/div>[\/vc_column_inner][vc_column_inner][\/vc_column_inner][\/vc_row_inner][\/vc_column][\/vc_row]\n","protected":false},"excerpt":{"rendered":"<p>[vc_row][vc_column][vc_custom_heading text=&#8221;Scientific Committee&#8221; font_container=&#8221;tag:h2|text_align:left|color:%231d6b99&#8243; google_fonts=&#8221;font_family:Oswald%3A300%2Cregular%2C700|font_style:400%20regular%3A400%3Anormal&#8221;][vc_separator color=&#8221;peacoc&#8221;][\/vc_column][\/vc_row][vc_row][vc_column][vc_row_inner][vc_column_inner width=&#8221;1\/2&#8243;][vc_separator color=&#8221;white&#8221;][vc_single_image image=&#8221;1091&#8243; img_size=&#8221;medium&#8221; alignment=&#8221;center&#8221;][\/vc_column_inner][vc_column_inner width=&#8221;1\/2&#8243;][\/vc_column_inner][vc_column_inner][\/vc_column_inner][\/vc_row_inner][\/vc_column][\/vc_row]<\/p>\n","protected":false},"author":1,"featured_media":0,"parent":0,"menu_order":0,"comment_status":"closed","ping_status":"closed","template":"","meta":{"footnotes":""},"class_list":["post-1290","page","type-page","status-publish","hentry","entry","post-inner"],"_links":{"self":[{"href":"http:\/\/studmathit.uav.ro\/2017\/wp-json\/wp\/v2\/pages\/1290","targetHints":{"allow":["GET"]}}],"collection":[{"href":"http:\/\/studmathit.uav.ro\/2017\/wp-json\/wp\/v2\/pages"}],"about":[{"href":"http:\/\/studmathit.uav.ro\/2017\/wp-json\/wp\/v2\/types\/page"}],"author":[{"embeddable":true,"href":"http:\/\/studmathit.uav.ro\/2017\/wp-json\/wp\/v2\/users\/1"}],"replies":[{"embeddable":true,"href":"http:\/\/studmathit.uav.ro\/2017\/wp-json\/wp\/v2\/comments?post=1290"}],"version-history":[{"count":10,"href":"http:\/\/studmathit.uav.ro\/2017\/wp-json\/wp\/v2\/pages\/1290\/revisions"}],"predecessor-version":[{"id":1369,"href":"http:\/\/studmathit.uav.ro\/2017\/wp-json\/wp\/v2\/pages\/1290\/revisions\/1369"}],"wp:attachment":[{"href":"http:\/\/studmathit.uav.ro\/2017\/wp-json\/wp\/v2\/media?parent=1290"}],"curies":[{"name":"wp","href":"https:\/\/api.w.org\/{rel}","templated":true}]}}